{"id":520,"date":"2015-06-08T06:07:05","date_gmt":"2015-06-08T06:07:05","guid":{"rendered":"http:\/\/theemon.com\/i\/industrial-wp\/PlaceHolder\/?page_id=2"},"modified":"2024-09-05T13:24:58","modified_gmt":"2024-09-05T11:24:58","slug":"sample-page-2","status":"publish","type":"page","link":"http:\/\/mcquincaillerie.com\/","title":{"rendered":"Home Page"},"content":{"rendered":"<p><!--more-->[vc_row full_width=\u00a0\u00bbstretch_row_content\u00a0\u00bb css=\u00a0\u00bb.vc_custom_1434542440578{margin-bottom: 0px !important;background-color: #f3f3f3 !important;}\u00a0\u00bb][vc_column][ind_whoweare title=\u00a0\u00bbQUI SOMMES NOUS\u00a0\u00bb subtitle=\u00a0\u00bbQUICAILLERIE ET OUTILLAGES INDUSTRIELLE\u00a0\u00bb description=\u00a0\u00bbEts Moustapha CISSE est l&rsquo;un des leaders au Mali de la fourniture des mat\u00e9riels intervenant dans la cha\u00eene de valeur Agricole, d&rsquo;adduction d&rsquo;eau, de fourniture d&rsquo;\u00e9lectricit\u00e9 via des g\u00e9n\u00e9rateurs de toutes capacit\u00e9, d&rsquo;exploitation mini\u00e8re ainsi que de l&rsquo;outillage.\u00a0\u00bbabt_images=\u00a0\u00bb969,1028,863,1032&Prime; f_point=\u00a0\u00bbPROFESSIONALISME\u00a0\u00bb s_point=\u00a0\u00bbQUALITE\u00a0\u00bb t_point=\u00a0\u00bbSERVICE APRES VENTE\u00a0\u00bb]<\/p>\n","protected":false},"excerpt":{"rendered":"[vc_row full_width=\"stretch_row_content\" css=\".vc_custom_1434542440578{margin-bottom: 0px !important;background-color: #f3f3f3 !important;}\"][vc_column][ind_whoweare title=\"QUI SOMMES NOUS\" subtitle=\"QUICAILLERIE ET OUTILLAGES INDUSTRIELLE\" description=\"Ets Moustapha CISSE est l'un des leaders au Mali de la fourniture des mat\u00e9riels intervenant dans la cha\u00eene de valeur Agricole, d'adduction d'eau, de fourniture d'\u00e9lectricit\u00e9 via des g\u00e9n\u00e9rateurs de toutes capacit\u00e9, d'exploitation mini\u00e8re ainsi que de l'outillage.\"abt_images=\"969,1028,863,1032\" f_point=\"PROFESSIONALISME\" s_point=\"QUALITE\" t_point=\"SERVICE [...]","protected":false},"author":1,"featured_media":0,"parent":0,"menu_order":0,"comment_status":"open","ping_status":"open","template":"industrial-home.php","meta":[],"_links":{"self":[{"href":"http:\/\/mcquincaillerie.com\/index.php\/wp-json\/wp\/v2\/pages\/520"}],"collection":[{"href":"http:\/\/mcquincaillerie.com\/index.php\/wp-json\/wp\/v2\/pages"}],"about":[{"href":"http:\/\/mcquincaillerie.com\/index.php\/wp-json\/wp\/v2\/types\/page"}],"author":[{"embeddable":true,"href":"http:\/\/mcquincaillerie.com\/index.php\/wp-json\/wp\/v2\/users\/1"}],"replies":[{"embeddable":true,"href":"http:\/\/mcquincaillerie.com\/index.php\/wp-json\/wp\/v2\/comments?post=520"}],"version-history":[{"count":42,"href":"http:\/\/mcquincaillerie.com\/index.php\/wp-json\/wp\/v2\/pages\/520\/revisions"}],"predecessor-version":[{"id":1198,"href":"http:\/\/mcquincaillerie.com\/index.php\/wp-json\/wp\/v2\/pages\/520\/revisions\/1198"}],"wp:attachment":[{"href":"http:\/\/mcquincaillerie.com\/index.php\/wp-json\/wp\/v2\/media?parent=520"}],"curies":[{"name":"wp","href":"https:\/\/api.w.org\/{rel}","templated":true}]}}